is divided by 15007.
34
Calculate the remainder when 41899 is divided by 50.
49
What is the remainder when 12489 is divided by 1440?
969
Calculate the remainder when 11792 is divided by 392.
32
Calculate the remainder when 45305 is divided by 964.
961
Calculate the remainder when 332689 is divided by 103.
102
Calculate the remainder when 12635 is divided by 59.
9
Calculate the remainder when 14550 is divided by 1121.
1098
What is the remainder when 121283 is divided by 1064?
1051
What is the remainder when 508155 is divided by 63?
60
What is the remainder when 144060 is divided by 28797?
75
Calculate the remainder when 9469 is divided by 30.
19
Calculate the remainder when 146422 is divided by 11263.
3
Calculate the remainder when 2631 is divided by 86.
51
What is the remainder when 50090 is divided by 3852?
14
What is the remainder when 591 is divided by 153?
132
Calculate the remainder when 8759 is divided by 28.
23
Calculate the remainder when 30732 is divided by 512.
12
What is the remainder when 11180 is divided by 310?
20
What is the remainder when 4322 is divided by 1386?
164
What is the remainder when 113542 is divided by 238?
16
Calculate the remainder when 28334 is divided by 176.
174
What is the remainder when 6377 is divided by 142?
129
What is the remainder when 3658 is divided by 46?
24
What is the remainder when 507092 is divided by 163?
162
Calculate the remainder when 77410 is divided by 30.
10
Calculate the remainder when 236008 is divided by 2269.
32
What is the remainder when 1458 is divided by 825?
633
What is the remainder when 5703 is divided by 193?
106
Calculate the remainder when 724 is divided by 6.
4
Calculate the remainder when 3971 is divided by 900.
371
Calculate the remainder when 944445 is divided by 49707.
12
Calculate the remainder when 3828 is divided by 379.
38
Calculate the remainder when 34239 is divided by 389.
7
Calculate the remainder when 786470 is divided by 430.
0
What is the remainder when 58437 is divided by 1580?
1557
Calculate the remainder when 89340 is divided by 105.
90
What is the remainder when 1031 is divided by 102?
11
What is the remainder when 222327 is divided by 113?
56
What is the remainder when 89665 is divided by 183?
178
What is the remainder when 168261 is divided by 66?
27
Calculate the remainder when 2137678 is divided by 240.
238
Calculate the remainder when 129397 is divided by 8087.
5
What is the remainder when 14380 is divided by 116?
112
Calculate the remainder when 2916 is divided by 81.
0
Calculate the remainder when 6246 is divided by 898.
858
What is the remainder when 3354 is divided by 22?
10
What is the remainder when 20100 is divided by 99?
3
What is the remainder when 6025 is divided by 295?
125
Calculate the remainder when 11111 is divided by 120.
71
Calculate the remainder when 4818 is divided by 54.
12
Calculate the remainder when 15832 is divided by 29.
27
What is the remainder when 21716 is divided by 4337?
31
What is the remainder when 1508 is divided by 279?
113
What is the remainder when 71112 is divided by 165?
162
What is the remainder when 1666 is divided by 1324?
342
What is the remainder when 49009 is divided by 51?
49
What is the remainder when 30720 is divided by 2048?
0
Calculate the remainder when 6567 is divided by 272.
39
Calculate the remainder when 336 is divided by 138.
60
What is the remainder when 400653 is divided by 80128?
13
What is the remainder when 57234 is divided by 387?
345
What is the remainder when 57038 is divided by 93?
29
Calculate the remainder when 12383 is divided by 72.
71
Calculate the remainder when 2404 is divided by 621.
541
What is the remainder when 1232 is divided by 222?
122
Calculate the remainder when 60828 is divided by 4678.
14
Calculate the remainder when 1418 is divided by 627.
164
Calculate the remainder when 3260 is divided by 38.
30
Calculate the remainder when 27584 is divided by 587.
582
What is the remainder when 6293 is divided by 33?
23
Calculate the remainder when 1423 is divided by 69.
43
What is the remainder when 176408 is divided by 1729?
50
Calculate the remainder when 6252 is divided by 31.
21
What is the remainder when 519 is divided by 149?
72
What is the remainder when 357499 is divided by 125?
124
What is the remainder when 379679 is divided by 32?
31
What is the remainder when 26547 is divided by 4423?
9
Calculate the remainder when 10552 is divided by 958.
14
Calculate the remainder when 11139 is divided by 154.
51
What is the remainder when 128659 is divided by 21?
13
What is the remainder when 2692560 is divided by 1036?
1032
What is the remainder when 2888 is divided by 308?
116
What is the remainder when 38418 is divided by 215?
148
Calculate the remainder when 12471 is divided by 55.
41
Calculate the remainder when 142595 is divided by 71271.
53
What is the remainder when 474983 is divided by 12?
11
Calculate the remainder when 290719 is divided by 80.
79
What is the remainder when 12821 is divided by 284?
41
Calculate the remainder when 33751 is divided by 803.
25
Calculate the remainder when 50362 is divided by 5003.
332
Calculate the remainder when 8529 is divided by 4264.
1
What is the remainder when 10041 is divided by 772?
5
Calculate the remainder when 7346 is divided by 3673.
0
What is the remainder when 19979 is divided by 287?
176
What is the remainder when 19063 is divided by 4759?
27
Calculate the remainder when 14233 is divided by 268.
29
Calculate the remainder when 884 is divided by 61.
30
What is the remainder when 6184 is divided by 1232?
24
What is the remainder when 2033 is divided by 474?
137
What is the remainder when 201 is divided by 29?
27
What is the remainder when 25249 is divided by 6308?
17
What is the remainder when 9509 is divided by 9494?
15
Calculate the remainder when 229 is divided by 180.
49
What is the remainder when 746167 is divided by 152?
151
Calculate the remainder when 19014 is divided by 33.
6
Calculate the remainder when 26757 is divided by 6687.
9
Calculate the remainder when 28648 is divided by 986.
54
What is the remainder when 27523 is divided by 214?
131
What is the remainder when 66122 is divided by 206?
202
What is the remainder when 16063 is divided by 2293?
12
Calculate the remainder when 45275 is divided by 717.
104
What is the remainder when 43964 is divided by 8790?
14
Calculate the remainder when 6669 is divided by 85.
39
What is the remainder when 25908 is divided by 719?
24
Calculate the remainder when 536 is divided by 482.
54
What is the remainder when 778 is divided by 26?
24
Calculate the remainder when 2182812 is divided by 4280.
12
Calculate the remainder when 1438 is divided by 419.
181
Calculate the remainder when 1250818 is divided by 52117.
10
Calculate the remainder when 8058 is divided by 403.
401
What is the remainder when 1095 is divided by 120?
15
Calculate the remainder when 4563 is divided by 909.
18
What is the remainder when 45244 is divided by 279?
46
What is the remainder when 6360 is divided by 254?
10
What is the remainder when 777490 is divided by 2009?
7
Calculate the remainder when 4305 is divided by 42.
21
Calculate the remainder when 550347 is divided by 2468.
2451
What is the remainder when 1277695 is divided by 644?
643
Calculate the remainder when 928 is divided by 587.
341
Calculate the remainder when 5819 is divided by 203.
135
Calculate the remainder when 49622 is divided by 17.
16
What is the remainder when 361077 is divided by 12?
9
What is the remainder when 3000 is divided by 51?
42
What is the remainder when 69384 is divided by 135?
129
What is the remainder when 20699 is divided by 60?
59
Calculate the remainder when 22541 is divided by 442.
441
What is the remainder when 56102 is divided by 233?
182
What is the remainder when 76682 is divided by 4252?
146
What is the remainder when 3168 is divided by 74?
60
Calculate the remainder when 1651 is divided by 207.
202
What is the remainder when 36374 is divided by 1732?
2
Calculate the remainder when 767519 is divided by 104.
103
What is the remainder when 44720 is divided by 44664?
56
Calculate the remainder when 893 is divided by 149.
148
Calculate the remainder when 21661 is divided by 7140.
241
Calculate the remainder when 2171 is 